{"id":1739,"date":"2026-07-22T17:21:04","date_gmt":"2026-07-22T20:21:04","guid":{"rendered":"https:\/\/lojasdbs.com.br\/?post_type=product&#038;p=1739"},"modified":"2026-07-22T17:30:32","modified_gmt":"2026-07-22T20:30:32","slug":"acer-aspire-e15-2gb-ram-e-320gb-de-memoria","status":"publish","type":"product","link":"https:\/\/lojasdbs.com.br\/index.php\/product\/acer-aspire-e15-2gb-ram-e-320gb-de-memoria\/","title":{"rendered":"ACER ASPIRE E15 &#8211; 2GB RAM E 320GB DE MEM\u00d3RIA"},"content":{"rendered":"","protected":false},"excerpt":{"rendered":"<ul>\n<li>Processador Intel Celeron N2840 2,1GHz<\/li>\n<li>Placa de v\u00eddeo integrada<\/li>\n<li>Sistema Windows 10 Turbo<\/li>\n<li>Mem\u00f3ria RAM expans\u00edvel at\u00e9 8GB<\/li>\n<li>Mem\u00f3ria de cache 1MB<\/li>\n<li>Tela de 15,6 polegadas<\/li>\n<li>Leitor de cart\u00e3o de mem\u00f3ria<\/li>\n<li>3 portas USB<\/li>\n<li>Altura 2,72 cm<\/li>\n<li>Largura 38,1 cm<\/li>\n<li>Profundidade 25,8 cm<\/li>\n<li>Peso 2,4 kg<\/li>\n<\/ul>\n","protected":false},"featured_media":1740,"comment_status":"open","ping_status":"closed","template":"","meta":[],"product_brand":[],"product_cat":[59],"product_tag":[],"class_list":["post-1739","product","type-product","status-publish","has-post-thumbnail","product_cat-notebooks","first","instock","shipping-taxable","purchasable","product-type-simple"],"yoast_head":"<!-- This site is optimized with the Yoast SEO plugin v28.1 - https:\/\/yoast.com\/product\/yoast-seo-wordpress\/ -->\n<title>ACER ASPIRE E15 - 2GB RAM E 320GB DE MEM\u00d3RIA<\/title>\n<meta name=\"robots\" content=\"index, follow, max-snippet:-1, max-image-preview:large, max-video-preview:-1\" \/>\n<link rel=\"canonical\" href=\"https:\/\/lojasdbs.com.br\/index.php\/product\/acer-aspire-e15-2gb-ram-e-320gb-de-memoria\/\" \/>\n<meta property=\"og:locale\" content=\"pt_BR\" \/>\n<meta property=\"og:type\" content=\"article\" \/>\n<meta property=\"og:title\" content=\"ACER ASPIRE E15 - 2GB RAM E 320GB DE MEM\u00d3RIA\" \/>\n<meta property=\"og:description\" content=\"Processador Intel Celeron N2840 2,1GHz  Placa de v\u00eddeo integrada  Sistema Windows 10 Turbo  Mem\u00f3ria RAM expans\u00edvel at\u00e9 8GB  Mem\u00f3ria de cache 1MB  Tela de 15,6 polegadas  Leitor de cart\u00e3o de mem\u00f3ria  3 portas USB  Altura 2,72 cm  Largura 38,1 cm  Profundidade 25,8 cm  Peso 2,4 kg\" \/>\n<meta property=\"og:url\" content=\"https:\/\/lojasdbs.com.br\/index.php\/product\/acer-aspire-e15-2gb-ram-e-320gb-de-memoria\/\" \/>\n<meta property=\"article:modified_time\" content=\"2026-07-22T20:30:32+00:00\" \/>\n<meta property=\"og:image\" content=\"https:\/\/lojasdbs.com.br\/wp-content\/uploads\/2026\/07\/E15-JPG.jpg\" \/>\n\t<meta property=\"og:image:width\" content=\"810\" \/>\n\t<meta property=\"og:image:height\" content=\"590\" \/>\n\t<meta property=\"og:image:type\" content=\"image\/jpeg\" \/>\n<meta name=\"twitter:card\" content=\"summary_large_image\" \/>\n<meta name=\"twitter:label1\" content=\"Est. tempo de leitura\" \/>\n\t<meta name=\"twitter:data1\" content=\"1 minuto\" \/>\n<script type=\"application\/ld+json\" class=\"yoast-schema-graph\">{\"@context\":\"https:\\\/\\\/schema.org\",\"@graph\":[{\"@type\":\"WebPage\",\"@id\":\"https:\\\/\\\/lojasdbs.com.br\\\/index.php\\\/product\\\/acer-aspire-e15-2gb-ram-e-320gb-de-memoria\\\/\",\"url\":\"https:\\\/\\\/lojasdbs.com.br\\\/index.php\\\/product\\\/acer-aspire-e15-2gb-ram-e-320gb-de-memoria\\\/\",\"name\":\"ACER ASPIRE E15 - 2GB RAM E 320GB DE MEM\u00d3RIA\",\"isPartOf\":{\"@id\":\"http:\\\/\\\/lojasdbs.com.br\\\/#website\"},\"primaryImageOfPage\":{\"@id\":\"https:\\\/\\\/lojasdbs.com.br\\\/index.php\\\/product\\\/acer-aspire-e15-2gb-ram-e-320gb-de-memoria\\\/#primaryimage\"},\"image\":{\"@id\":\"https:\\\/\\\/lojasdbs.com.br\\\/index.php\\\/product\\\/acer-aspire-e15-2gb-ram-e-320gb-de-memoria\\\/#primaryimage\"},\"thumbnailUrl\":\"https:\\\/\\\/lojasdbs.com.br\\\/wp-content\\\/uploads\\\/2026\\\/07\\\/E15-JPG.jpg\",\"datePublished\":\"2026-07-22T20:21:04+00:00\",\"dateModified\":\"2026-07-22T20:30:32+00:00\",\"breadcrumb\":{\"@id\":\"https:\\\/\\\/lojasdbs.com.br\\\/index.php\\\/product\\\/acer-aspire-e15-2gb-ram-e-320gb-de-memoria\\\/#breadcrumb\"},\"inLanguage\":\"pt-BR\",\"potentialAction\":[{\"@type\":\"ReadAction\",\"target\":[\"https:\\\/\\\/lojasdbs.com.br\\\/index.php\\\/product\\\/acer-aspire-e15-2gb-ram-e-320gb-de-memoria\\\/\"]}]},{\"@type\":\"ImageObject\",\"inLanguage\":\"pt-BR\",\"@id\":\"https:\\\/\\\/lojasdbs.com.br\\\/index.php\\\/product\\\/acer-aspire-e15-2gb-ram-e-320gb-de-memoria\\\/#primaryimage\",\"url\":\"https:\\\/\\\/lojasdbs.com.br\\\/wp-content\\\/uploads\\\/2026\\\/07\\\/E15-JPG.jpg\",\"contentUrl\":\"https:\\\/\\\/lojasdbs.com.br\\\/wp-content\\\/uploads\\\/2026\\\/07\\\/E15-JPG.jpg\",\"width\":810,\"height\":590},{\"@type\":\"BreadcrumbList\",\"@id\":\"https:\\\/\\\/lojasdbs.com.br\\\/index.php\\\/product\\\/acer-aspire-e15-2gb-ram-e-320gb-de-memoria\\\/#breadcrumb\",\"itemListElement\":[{\"@type\":\"ListItem\",\"position\":1,\"name\":\"Home\",\"item\":\"http:\\\/\\\/lojasdbs.com.br\\\/\"},{\"@type\":\"ListItem\",\"position\":2,\"name\":\"shop\",\"item\":\"http:\\\/\\\/lojasdbs.com.br\\\/index.php\\\/shop\\\/\"},{\"@type\":\"ListItem\",\"position\":3,\"name\":\"ACER ASPIRE E15 &#8211; 2GB RAM E 320GB DE MEM\u00d3RIA\"}]},{\"@type\":\"WebSite\",\"@id\":\"http:\\\/\\\/lojasdbs.com.br\\\/#website\",\"url\":\"http:\\\/\\\/lojasdbs.com.br\\\/\",\"name\":\"\",\"description\":\"\",\"potentialAction\":[{\"@type\":\"SearchAction\",\"target\":{\"@type\":\"EntryPoint\",\"urlTemplate\":\"http:\\\/\\\/lojasdbs.com.br\\\/?s={search_term_string}\"},\"query-input\":{\"@type\":\"PropertyValueSpecification\",\"valueRequired\":true,\"valueName\":\"search_term_string\"}}],\"inLanguage\":\"pt-BR\"}]}<\/script>\n<!-- \/ Yoast SEO plugin. -->","yoast_head_json":{"title":"ACER ASPIRE E15 - 2GB RAM E 320GB DE MEM\u00d3RIA","robots":{"index":"index","follow":"follow","max-snippet":"max-snippet:-1","max-image-preview":"max-image-preview:large","max-video-preview":"max-video-preview:-1"},"canonical":"https:\/\/lojasdbs.com.br\/index.php\/product\/acer-aspire-e15-2gb-ram-e-320gb-de-memoria\/","og_locale":"pt_BR","og_type":"article","og_title":"ACER ASPIRE E15 - 2GB RAM E 320GB DE MEM\u00d3RIA","og_description":"Processador Intel Celeron N2840 2,1GHz  Placa de v\u00eddeo integrada  Sistema Windows 10 Turbo  Mem\u00f3ria RAM expans\u00edvel at\u00e9 8GB  Mem\u00f3ria de cache 1MB  Tela de 15,6 polegadas  Leitor de cart\u00e3o de mem\u00f3ria  3 portas USB  Altura 2,72 cm  Largura 38,1 cm  Profundidade 25,8 cm  Peso 2,4 kg","og_url":"https:\/\/lojasdbs.com.br\/index.php\/product\/acer-aspire-e15-2gb-ram-e-320gb-de-memoria\/","article_modified_time":"2026-07-22T20:30:32+00:00","og_image":[{"width":810,"height":590,"url":"https:\/\/lojasdbs.com.br\/wp-content\/uploads\/2026\/07\/E15-JPG.jpg","type":"image\/jpeg"}],"twitter_card":"summary_large_image","twitter_misc":{"Est. tempo de leitura":"1 minuto"},"schema":{"@context":"https:\/\/schema.org","@graph":[{"@type":"WebPage","@id":"https:\/\/lojasdbs.com.br\/index.php\/product\/acer-aspire-e15-2gb-ram-e-320gb-de-memoria\/","url":"https:\/\/lojasdbs.com.br\/index.php\/product\/acer-aspire-e15-2gb-ram-e-320gb-de-memoria\/","name":"ACER ASPIRE E15 - 2GB RAM E 320GB DE MEM\u00d3RIA","isPartOf":{"@id":"http:\/\/lojasdbs.com.br\/#website"},"primaryImageOfPage":{"@id":"https:\/\/lojasdbs.com.br\/index.php\/product\/acer-aspire-e15-2gb-ram-e-320gb-de-memoria\/#primaryimage"},"image":{"@id":"https:\/\/lojasdbs.com.br\/index.php\/product\/acer-aspire-e15-2gb-ram-e-320gb-de-memoria\/#primaryimage"},"thumbnailUrl":"https:\/\/lojasdbs.com.br\/wp-content\/uploads\/2026\/07\/E15-JPG.jpg","datePublished":"2026-07-22T20:21:04+00:00","dateModified":"2026-07-22T20:30:32+00:00","breadcrumb":{"@id":"https:\/\/lojasdbs.com.br\/index.php\/product\/acer-aspire-e15-2gb-ram-e-320gb-de-memoria\/#breadcrumb"},"inLanguage":"pt-BR","potentialAction":[{"@type":"ReadAction","target":["https:\/\/lojasdbs.com.br\/index.php\/product\/acer-aspire-e15-2gb-ram-e-320gb-de-memoria\/"]}]},{"@type":"ImageObject","inLanguage":"pt-BR","@id":"https:\/\/lojasdbs.com.br\/index.php\/product\/acer-aspire-e15-2gb-ram-e-320gb-de-memoria\/#primaryimage","url":"https:\/\/lojasdbs.com.br\/wp-content\/uploads\/2026\/07\/E15-JPG.jpg","contentUrl":"https:\/\/lojasdbs.com.br\/wp-content\/uploads\/2026\/07\/E15-JPG.jpg","width":810,"height":590},{"@type":"BreadcrumbList","@id":"https:\/\/lojasdbs.com.br\/index.php\/product\/acer-aspire-e15-2gb-ram-e-320gb-de-memoria\/#breadcrumb","itemListElement":[{"@type":"ListItem","position":1,"name":"Home","item":"http:\/\/lojasdbs.com.br\/"},{"@type":"ListItem","position":2,"name":"shop","item":"http:\/\/lojasdbs.com.br\/index.php\/shop\/"},{"@type":"ListItem","position":3,"name":"ACER ASPIRE E15 &#8211; 2GB RAM E 320GB DE MEM\u00d3RIA"}]},{"@type":"WebSite","@id":"http:\/\/lojasdbs.com.br\/#website","url":"http:\/\/lojasdbs.com.br\/","name":"","description":"","potentialAction":[{"@type":"SearchAction","target":{"@type":"EntryPoint","urlTemplate":"http:\/\/lojasdbs.com.br\/?s={search_term_string}"},"query-input":{"@type":"PropertyValueSpecification","valueRequired":true,"valueName":"search_term_string"}}],"inLanguage":"pt-BR"}]}},"_links":{"self":[{"href":"https:\/\/lojasdbs.com.br\/index.php\/wp-json\/wp\/v2\/product\/1739","targetHints":{"allow":["GET"]}}],"collection":[{"href":"https:\/\/lojasdbs.com.br\/index.php\/wp-json\/wp\/v2\/product"}],"about":[{"href":"https:\/\/lojasdbs.com.br\/index.php\/wp-json\/wp\/v2\/types\/product"}],"replies":[{"embeddable":true,"href":"https:\/\/lojasdbs.com.br\/index.php\/wp-json\/wp\/v2\/comments?post=1739"}],"wp:featuredmedia":[{"embeddable":true,"href":"https:\/\/lojasdbs.com.br\/index.php\/wp-json\/wp\/v2\/media\/1740"}],"wp:attachment":[{"href":"https:\/\/lojasdbs.com.br\/index.php\/wp-json\/wp\/v2\/media?parent=1739"}],"wp:term":[{"taxonomy":"product_brand","embeddable":true,"href":"https:\/\/lojasdbs.com.br\/index.php\/wp-json\/wp\/v2\/product_brand?post=1739"},{"taxonomy":"product_cat","embeddable":true,"href":"https:\/\/lojasdbs.com.br\/index.php\/wp-json\/wp\/v2\/product_cat?post=1739"},{"taxonomy":"product_tag","embeddable":true,"href":"https:\/\/lojasdbs.com.br\/index.php\/wp-json\/wp\/v2\/product_tag?post=1739"}],"curies":[{"name":"wp","href":"https:\/\/api.w.org\/{rel}","templated":true}]}}

ACER ASPIRE E15 &#8211; 2GB RAM E 320GB DE MEMÓRIA

<ul>
<li>Processador Intel Celeron N2840 2,1GHz</li>
<li>Placa de vídeo integrada</li>
<li>Sistema Windows 10 Turbo</li>
<li>Memória RAM expansível até 8GB</li>
<li>Memória de cache 1MB</li>
<li>Tela de 15,6 polegadas</li>
<li>Leitor de cartão de memória</li>
<li>3 portas USB</li>
<li>Altura 2,72 cm</li>
<li>Largura 38,1 cm</li>
<li>Profundidade 25,8 cm</li>
<li>Peso 2,4 kg</li>
</ul>

<!-- This site is optimized with the Yoast SEO plugin v28.1 - https://yoast.com/product/yoast-seo-wordpress/ -->
<title>ACER ASPIRE E15 - 2GB RAM E 320GB DE MEMÓRIA</title>
<meta name="robots" content="index, follow, max-snippet:-1, max-image-preview:large, max-video-preview:-1" />
<link rel="canonical" href="https://lojasdbs.com.br/index.php/product/acer-aspire-e15-2gb-ram-e-320gb-de-memoria/" />
<meta property="og:locale" content="pt_BR" />
<meta property="og:type" content="article" />
<meta property="og:title" content="ACER ASPIRE E15 - 2GB RAM E 320GB DE MEMÓRIA" />
<meta property="og:description" content="Processador Intel Celeron N2840 2,1GHz  Placa de vídeo integrada  Sistema Windows 10 Turbo  Memória RAM expansível até 8GB  Memória de cache 1MB  Tela de 15,6 polegadas  Leitor de cartão de memória  3 portas USB  Altura 2,72 cm  Largura 38,1 cm  Profundidade 25,8 cm  Peso 2,4 kg" />
<meta property="og:url" content="https://lojasdbs.com.br/index.php/product/acer-aspire-e15-2gb-ram-e-320gb-de-memoria/" />
<meta property="article:modified_time" content="2026-07-22T20:30:32+00:00" />
<meta property="og:image" content="https://lojasdbs.com.br/wp-content/uploads/2026/07/E15-JPG.jpg" />
	<meta property="og:image:width" content="810" />
	<meta property="og:image:height" content="590" />
	<meta property="og:image:type" content="image/jpeg" />
<meta name="twitter:card" content="summary_large_image" />
<meta name="twitter:label1" content="Est. tempo de leitura" />
	<meta name="twitter:data1" content="1 minuto" />
<script type="application/ld+json" class="yoast-schema-graph">{"@context":"https:\/\/schema.org","@graph":[{"@type":"WebPage","@id":"https:\/\/lojasdbs.com.br\/index.php\/product\/acer-aspire-e15-2gb-ram-e-320gb-de-memoria\/","url":"https:\/\/lojasdbs.com.br\/index.php\/product\/acer-aspire-e15-2gb-ram-e-320gb-de-memoria\/","name":"ACER ASPIRE E15 - 2GB RAM E 320GB DE MEMÓRIA","isPartOf":{"@id":"http:\/\/lojasdbs.com.br\/#website"},"primaryImageOfPage":{"@id":"https:\/\/lojasdbs.com.br\/index.php\/product\/acer-aspire-e15-2gb-ram-e-320gb-de-memoria\/#primaryimage"},"image":{"@id":"https:\/\/lojasdbs.com.br\/index.php\/product\/acer-aspire-e15-2gb-ram-e-320gb-de-memoria\/#primaryimage"},"thumbnailUrl":"https:\/\/lojasdbs.com.br\/wp-content\/uploads\/2026\/07\/E15-JPG.jpg","datePublished":"2026-07-22T20:21:04+00:00","dateModified":"2026-07-22T20:30:32+00:00","breadcrumb":{"@id":"https:\/\/lojasdbs.com.br\/index.php\/product\/acer-aspire-e15-2gb-ram-e-320gb-de-memoria\/#breadcrumb"},"inLanguage":"pt-BR","potentialAction":[{"@type":"ReadAction","target":["https:\/\/lojasdbs.com.br\/index.php\/product\/acer-aspire-e15-2gb-ram-e-320gb-de-memoria\/"]}]},{"@type":"ImageObject","inLanguage":"pt-BR","@id":"https:\/\/lojasdbs.com.br\/index.php\/product\/acer-aspire-e15-2gb-ram-e-320gb-de-memoria\/#primaryimage","url":"https:\/\/lojasdbs.com.br\/wp-content\/uploads\/2026\/07\/E15-JPG.jpg","contentUrl":"https:\/\/lojasdbs.com.br\/wp-content\/uploads\/2026\/07\/E15-JPG.jpg","width":810,"height":590},{"@type":"BreadcrumbList","@id":"https:\/\/lojasdbs.com.br\/index.php\/product\/acer-aspire-e15-2gb-ram-e-320gb-de-memoria\/#breadcrumb","itemListElement":[{"@type":"ListItem","position":1,"name":"Home","item":"http:\/\/lojasdbs.com.br\/"},{"@type":"ListItem","position":2,"name":"shop","item":"http:\/\/lojasdbs.com.br\/index.php\/shop\/"},{"@type":"ListItem","position":3,"name":"ACER ASPIRE E15 &#8211; 2GB RAM E 320GB DE MEMÓRIA"}]},{"@type":"WebSite","@id":"http:\/\/lojasdbs.com.br\/#website","url":"http:\/\/lojasdbs.com.br\/","name":"","description":"","potentialAction":[{"@type":"SearchAction","target":{"@type":"EntryPoint","urlTemplate":"http:\/\/lojasdbs.com.br\/?s={search_term_string}"},"query-input":{"@type":"PropertyValueSpecification","valueRequired":true,"valueName":"search_term_string"}}],"inLanguage":"pt-BR"}]}</script>
<!-- / Yoast SEO plugin. -->

ACER ASPIRE E15 - 2GB RAM E 320GB DE MEMÓRIA

Processador Intel Celeron N2840 2,1GHz  Placa de vídeo integrada  Sistema Windows 10 Turbo  Memória RAM expansível até 8GB  Memória de cache 1MB  Tela de 15,6 polegadas  Leitor de cartão de memória  3 portas USB  Altura 2,72 cm  Largura 38,1 cm  Profundidade 25,8 cm  Peso 2,4 kg
