{"id":1559,"date":"2026-07-17T00:12:33","date_gmt":"2026-07-17T03:12:33","guid":{"rendered":"https:\/\/lojasdbs.com.br\/?post_type=product&#038;p=1559"},"modified":"2026-07-17T00:25:44","modified_gmt":"2026-07-17T03:25:44","slug":"poco-x7-pro-ram-12gb-e-512gb-de-memoria","status":"publish","type":"product","link":"https:\/\/lojasdbs.com.br\/index.php\/product\/poco-x7-pro-ram-12gb-e-512gb-de-memoria\/","title":{"rendered":"POCO X7 PRO &#8211; RAM 12GB E 512GB DE MEM\u00d3RIA"},"content":{"rendered":"","protected":false},"excerpt":{"rendered":"<ul>\n<li>Resistente a \u00e1gua e p\u00f3<\/li>\n<li>Tela Amoled CrystalRes de 6,67 polegadas com resolu\u00e7\u00e3o QHD<\/li>\n<li>Conex\u00e3o 5G<\/li>\n<li>Entrada USB-C<\/li>\n<li>C\u00e2mera traseira tripla: 50 megapixels<\/li>\n<li>C\u00e2mera frontal: 20 megapixels<\/li>\n<li>Processador MediaTek Dimensity 8400 Ultra 3,25GHz de 8 n\u00facleos<\/li>\n<li>GPU Mali-G720 MC7<\/li>\n<li>Desbloqueio por digital e reconhecimento facial<\/li>\n<li>NFC, bluetooth, wifi e GPS<\/li>\n<li>Dual SIM<\/li>\n<li>Android 15<\/li>\n<li>Bateria de 6 Ah com carregamento r\u00e1pido<\/li>\n<li>Aceler\u00f4metro, sensor de proximidade, girosc\u00f3pio e b\u00fassola<\/li>\n<\/ul>\n","protected":false},"featured_media":1560,"comment_status":"open","ping_status":"closed","template":"","meta":[],"product_brand":[],"product_cat":[55],"product_tag":[],"class_list":["post-1559","product","type-product","status-publish","has-post-thumbnail","product_cat-smartphones","first","instock","shipping-taxable","purchasable","product-type-simple"],"yoast_head":"<!-- This site is optimized with the Yoast SEO plugin v28.1 - https:\/\/yoast.com\/product\/yoast-seo-wordpress\/ -->\n<title>POCO X7 PRO - RAM 12GB E 512GB DE MEM\u00d3RIA<\/title>\n<meta name=\"robots\" content=\"index, follow, max-snippet:-1, max-image-preview:large, max-video-preview:-1\" \/>\n<link rel=\"canonical\" href=\"https:\/\/lojasdbs.com.br\/index.php\/product\/poco-x7-pro-ram-12gb-e-512gb-de-memoria\/\" \/>\n<meta property=\"og:locale\" content=\"pt_BR\" \/>\n<meta property=\"og:type\" content=\"article\" \/>\n<meta property=\"og:title\" content=\"POCO X7 PRO - RAM 12GB E 512GB DE MEM\u00d3RIA\" \/>\n<meta property=\"og:description\" content=\"Resistente a \u00e1gua e p\u00f3  Tela Amoled CrystalRes de 6,67 polegadas com resolu\u00e7\u00e3o QHD  Conex\u00e3o 5G  Entrada USB-C  C\u00e2mera traseira tripla: 50 megapixels  C\u00e2mera frontal: 20 megapixels  Processador MediaTek Dimensity 8400 Ultra 3,25GHz de 8 n\u00facleos  GPU Mali-G720 MC7  Desbloqueio por digital e reconhecimento facial  NFC, bluetooth, wifi e GPS  Dual SIM  Android 15  Bateria de 6 Ah com carregamento r\u00e1pido  Aceler\u00f4metro, sensor de proximidade, girosc\u00f3pio e b\u00fassola\" \/>\n<meta property=\"og:url\" content=\"https:\/\/lojasdbs.com.br\/index.php\/product\/poco-x7-pro-ram-12gb-e-512gb-de-memoria\/\" \/>\n<meta property=\"article:modified_time\" content=\"2026-07-17T03:25:44+00:00\" \/>\n<meta property=\"og:image\" content=\"https:\/\/lojasdbs.com.br\/wp-content\/uploads\/2026\/07\/poco-x7-3-png.png\" \/>\n\t<meta property=\"og:image:width\" content=\"1000\" \/>\n\t<meta property=\"og:image:height\" content=\"1000\" \/>\n\t<meta property=\"og:image:type\" content=\"image\/png\" \/>\n<meta name=\"twitter:card\" content=\"summary_large_image\" \/>\n<meta name=\"twitter:label1\" content=\"Est. tempo de leitura\" \/>\n\t<meta name=\"twitter:data1\" content=\"1 minuto\" \/>\n<script type=\"application\/ld+json\" class=\"yoast-schema-graph\">{\"@context\":\"https:\\\/\\\/schema.org\",\"@graph\":[{\"@type\":\"WebPage\",\"@id\":\"https:\\\/\\\/lojasdbs.com.br\\\/index.php\\\/product\\\/poco-x7-pro-ram-12gb-e-512gb-de-memoria\\\/\",\"url\":\"https:\\\/\\\/lojasdbs.com.br\\\/index.php\\\/product\\\/poco-x7-pro-ram-12gb-e-512gb-de-memoria\\\/\",\"name\":\"POCO X7 PRO - RAM 12GB E 512GB DE MEM\u00d3RIA\",\"isPartOf\":{\"@id\":\"http:\\\/\\\/lojasdbs.com.br\\\/#website\"},\"primaryImageOfPage\":{\"@id\":\"https:\\\/\\\/lojasdbs.com.br\\\/index.php\\\/product\\\/poco-x7-pro-ram-12gb-e-512gb-de-memoria\\\/#primaryimage\"},\"image\":{\"@id\":\"https:\\\/\\\/lojasdbs.com.br\\\/index.php\\\/product\\\/poco-x7-pro-ram-12gb-e-512gb-de-memoria\\\/#primaryimage\"},\"thumbnailUrl\":\"https:\\\/\\\/lojasdbs.com.br\\\/wp-content\\\/uploads\\\/2026\\\/07\\\/poco-x7-3-png.png\",\"datePublished\":\"2026-07-17T03:12:33+00:00\",\"dateModified\":\"2026-07-17T03:25:44+00:00\",\"breadcrumb\":{\"@id\":\"https:\\\/\\\/lojasdbs.com.br\\\/index.php\\\/product\\\/poco-x7-pro-ram-12gb-e-512gb-de-memoria\\\/#breadcrumb\"},\"inLanguage\":\"pt-BR\",\"potentialAction\":[{\"@type\":\"ReadAction\",\"target\":[\"https:\\\/\\\/lojasdbs.com.br\\\/index.php\\\/product\\\/poco-x7-pro-ram-12gb-e-512gb-de-memoria\\\/\"]}]},{\"@type\":\"ImageObject\",\"inLanguage\":\"pt-BR\",\"@id\":\"https:\\\/\\\/lojasdbs.com.br\\\/index.php\\\/product\\\/poco-x7-pro-ram-12gb-e-512gb-de-memoria\\\/#primaryimage\",\"url\":\"https:\\\/\\\/lojasdbs.com.br\\\/wp-content\\\/uploads\\\/2026\\\/07\\\/poco-x7-3-png.png\",\"contentUrl\":\"https:\\\/\\\/lojasdbs.com.br\\\/wp-content\\\/uploads\\\/2026\\\/07\\\/poco-x7-3-png.png\",\"width\":1000,\"height\":1000},{\"@type\":\"BreadcrumbList\",\"@id\":\"https:\\\/\\\/lojasdbs.com.br\\\/index.php\\\/product\\\/poco-x7-pro-ram-12gb-e-512gb-de-memoria\\\/#breadcrumb\",\"itemListElement\":[{\"@type\":\"ListItem\",\"position\":1,\"name\":\"Home\",\"item\":\"http:\\\/\\\/lojasdbs.com.br\\\/\"},{\"@type\":\"ListItem\",\"position\":2,\"name\":\"shop\",\"item\":\"http:\\\/\\\/lojasdbs.com.br\\\/index.php\\\/shop\\\/\"},{\"@type\":\"ListItem\",\"position\":3,\"name\":\"POCO X7 PRO &#8211; RAM 12GB E 512GB DE MEM\u00d3RIA\"}]},{\"@type\":\"WebSite\",\"@id\":\"http:\\\/\\\/lojasdbs.com.br\\\/#website\",\"url\":\"http:\\\/\\\/lojasdbs.com.br\\\/\",\"name\":\"\",\"description\":\"\",\"potentialAction\":[{\"@type\":\"SearchAction\",\"target\":{\"@type\":\"EntryPoint\",\"urlTemplate\":\"http:\\\/\\\/lojasdbs.com.br\\\/?s={search_term_string}\"},\"query-input\":{\"@type\":\"PropertyValueSpecification\",\"valueRequired\":true,\"valueName\":\"search_term_string\"}}],\"inLanguage\":\"pt-BR\"}]}<\/script>\n<!-- \/ Yoast SEO plugin. -->","yoast_head_json":{"title":"POCO X7 PRO - RAM 12GB E 512GB DE MEM\u00d3RIA","robots":{"index":"index","follow":"follow","max-snippet":"max-snippet:-1","max-image-preview":"max-image-preview:large","max-video-preview":"max-video-preview:-1"},"canonical":"https:\/\/lojasdbs.com.br\/index.php\/product\/poco-x7-pro-ram-12gb-e-512gb-de-memoria\/","og_locale":"pt_BR","og_type":"article","og_title":"POCO X7 PRO - RAM 12GB E 512GB DE MEM\u00d3RIA","og_description":"Resistente a \u00e1gua e p\u00f3  Tela Amoled CrystalRes de 6,67 polegadas com resolu\u00e7\u00e3o QHD  Conex\u00e3o 5G  Entrada USB-C  C\u00e2mera traseira tripla: 50 megapixels  C\u00e2mera frontal: 20 megapixels  Processador MediaTek Dimensity 8400 Ultra 3,25GHz de 8 n\u00facleos  GPU Mali-G720 MC7  Desbloqueio por digital e reconhecimento facial  NFC, bluetooth, wifi e GPS  Dual SIM  Android 15  Bateria de 6 Ah com carregamento r\u00e1pido  Aceler\u00f4metro, sensor de proximidade, girosc\u00f3pio e b\u00fassola","og_url":"https:\/\/lojasdbs.com.br\/index.php\/product\/poco-x7-pro-ram-12gb-e-512gb-de-memoria\/","article_modified_time":"2026-07-17T03:25:44+00:00","og_image":[{"width":1000,"height":1000,"url":"https:\/\/lojasdbs.com.br\/wp-content\/uploads\/2026\/07\/poco-x7-3-png.png","type":"image\/png"}],"twitter_card":"summary_large_image","twitter_misc":{"Est. tempo de leitura":"1 minuto"},"schema":{"@context":"https:\/\/schema.org","@graph":[{"@type":"WebPage","@id":"https:\/\/lojasdbs.com.br\/index.php\/product\/poco-x7-pro-ram-12gb-e-512gb-de-memoria\/","url":"https:\/\/lojasdbs.com.br\/index.php\/product\/poco-x7-pro-ram-12gb-e-512gb-de-memoria\/","name":"POCO X7 PRO - RAM 12GB E 512GB DE MEM\u00d3RIA","isPartOf":{"@id":"http:\/\/lojasdbs.com.br\/#website"},"primaryImageOfPage":{"@id":"https:\/\/lojasdbs.com.br\/index.php\/product\/poco-x7-pro-ram-12gb-e-512gb-de-memoria\/#primaryimage"},"image":{"@id":"https:\/\/lojasdbs.com.br\/index.php\/product\/poco-x7-pro-ram-12gb-e-512gb-de-memoria\/#primaryimage"},"thumbnailUrl":"https:\/\/lojasdbs.com.br\/wp-content\/uploads\/2026\/07\/poco-x7-3-png.png","datePublished":"2026-07-17T03:12:33+00:00","dateModified":"2026-07-17T03:25:44+00:00","breadcrumb":{"@id":"https:\/\/lojasdbs.com.br\/index.php\/product\/poco-x7-pro-ram-12gb-e-512gb-de-memoria\/#breadcrumb"},"inLanguage":"pt-BR","potentialAction":[{"@type":"ReadAction","target":["https:\/\/lojasdbs.com.br\/index.php\/product\/poco-x7-pro-ram-12gb-e-512gb-de-memoria\/"]}]},{"@type":"ImageObject","inLanguage":"pt-BR","@id":"https:\/\/lojasdbs.com.br\/index.php\/product\/poco-x7-pro-ram-12gb-e-512gb-de-memoria\/#primaryimage","url":"https:\/\/lojasdbs.com.br\/wp-content\/uploads\/2026\/07\/poco-x7-3-png.png","contentUrl":"https:\/\/lojasdbs.com.br\/wp-content\/uploads\/2026\/07\/poco-x7-3-png.png","width":1000,"height":1000},{"@type":"BreadcrumbList","@id":"https:\/\/lojasdbs.com.br\/index.php\/product\/poco-x7-pro-ram-12gb-e-512gb-de-memoria\/#breadcrumb","itemListElement":[{"@type":"ListItem","position":1,"name":"Home","item":"http:\/\/lojasdbs.com.br\/"},{"@type":"ListItem","position":2,"name":"shop","item":"http:\/\/lojasdbs.com.br\/index.php\/shop\/"},{"@type":"ListItem","position":3,"name":"POCO X7 PRO &#8211; RAM 12GB E 512GB DE MEM\u00d3RIA"}]},{"@type":"WebSite","@id":"http:\/\/lojasdbs.com.br\/#website","url":"http:\/\/lojasdbs.com.br\/","name":"","description":"","potentialAction":[{"@type":"SearchAction","target":{"@type":"EntryPoint","urlTemplate":"http:\/\/lojasdbs.com.br\/?s={search_term_string}"},"query-input":{"@type":"PropertyValueSpecification","valueRequired":true,"valueName":"search_term_string"}}],"inLanguage":"pt-BR"}]}},"_links":{"self":[{"href":"https:\/\/lojasdbs.com.br\/index.php\/wp-json\/wp\/v2\/product\/1559","targetHints":{"allow":["GET"]}}],"collection":[{"href":"https:\/\/lojasdbs.com.br\/index.php\/wp-json\/wp\/v2\/product"}],"about":[{"href":"https:\/\/lojasdbs.com.br\/index.php\/wp-json\/wp\/v2\/types\/product"}],"replies":[{"embeddable":true,"href":"https:\/\/lojasdbs.com.br\/index.php\/wp-json\/wp\/v2\/comments?post=1559"}],"wp:featuredmedia":[{"embeddable":true,"href":"https:\/\/lojasdbs.com.br\/index.php\/wp-json\/wp\/v2\/media\/1560"}],"wp:attachment":[{"href":"https:\/\/lojasdbs.com.br\/index.php\/wp-json\/wp\/v2\/media?parent=1559"}],"wp:term":[{"taxonomy":"product_brand","embeddable":true,"href":"https:\/\/lojasdbs.com.br\/index.php\/wp-json\/wp\/v2\/product_brand?post=1559"},{"taxonomy":"product_cat","embeddable":true,"href":"https:\/\/lojasdbs.com.br\/index.php\/wp-json\/wp\/v2\/product_cat?post=1559"},{"taxonomy":"product_tag","embeddable":true,"href":"https:\/\/lojasdbs.com.br\/index.php\/wp-json\/wp\/v2\/product_tag?post=1559"}],"curies":[{"name":"wp","href":"https:\/\/api.w.org\/{rel}","templated":true}]}}

POCO X7 PRO &#8211; RAM 12GB E 512GB DE MEMÓRIA

<ul>
<li>Resistente a água e pó</li>
<li>Tela Amoled CrystalRes de 6,67 polegadas com resolução QHD</li>
<li>Conexão 5G</li>
<li>Entrada USB-C</li>
<li>Câmera traseira tripla: 50 megapixels</li>
<li>Câmera frontal: 20 megapixels</li>
<li>Processador MediaTek Dimensity 8400 Ultra 3,25GHz de 8 núcleos</li>
<li>GPU Mali-G720 MC7</li>
<li>Desbloqueio por digital e reconhecimento facial</li>
<li>NFC, bluetooth, wifi e GPS</li>
<li>Dual SIM</li>
<li>Android 15</li>
<li>Bateria de 6 Ah com carregamento rápido</li>
<li>Acelerômetro, sensor de proximidade, giroscópio e bússola</li>
</ul>

<!-- This site is optimized with the Yoast SEO plugin v28.1 - https://yoast.com/product/yoast-seo-wordpress/ -->
<title>POCO X7 PRO - RAM 12GB E 512GB DE MEMÓRIA</title>
<meta name="robots" content="index, follow, max-snippet:-1, max-image-preview:large, max-video-preview:-1" />
<link rel="canonical" href="https://lojasdbs.com.br/index.php/product/poco-x7-pro-ram-12gb-e-512gb-de-memoria/" />
<meta property="og:locale" content="pt_BR" />
<meta property="og:type" content="article" />
<meta property="og:title" content="POCO X7 PRO - RAM 12GB E 512GB DE MEMÓRIA" />
<meta property="og:description" content="Resistente a água e pó  Tela Amoled CrystalRes de 6,67 polegadas com resolução QHD  Conexão 5G  Entrada USB-C  Câmera traseira tripla: 50 megapixels  Câmera frontal: 20 megapixels  Processador MediaTek Dimensity 8400 Ultra 3,25GHz de 8 núcleos  GPU Mali-G720 MC7  Desbloqueio por digital e reconhecimento facial  NFC, bluetooth, wifi e GPS  Dual SIM  Android 15  Bateria de 6 Ah com carregamento rápido  Acelerômetro, sensor de proximidade, giroscópio e bússola" />
<meta property="og:url" content="https://lojasdbs.com.br/index.php/product/poco-x7-pro-ram-12gb-e-512gb-de-memoria/" />
<meta property="article:modified_time" content="2026-07-17T03:25:44+00:00" />
<meta property="og:image" content="https://lojasdbs.com.br/wp-content/uploads/2026/07/poco-x7-3-png.png" />
	<meta property="og:image:width" content="1000" />
	<meta property="og:image:height" content="1000" />
	<meta property="og:image:type" content="image/png" />
<meta name="twitter:card" content="summary_large_image" />
<meta name="twitter:label1" content="Est. tempo de leitura" />
	<meta name="twitter:data1" content="1 minuto" />
<script type="application/ld+json" class="yoast-schema-graph">{"@context":"https:\/\/schema.org","@graph":[{"@type":"WebPage","@id":"https:\/\/lojasdbs.com.br\/index.php\/product\/poco-x7-pro-ram-12gb-e-512gb-de-memoria\/","url":"https:\/\/lojasdbs.com.br\/index.php\/product\/poco-x7-pro-ram-12gb-e-512gb-de-memoria\/","name":"POCO X7 PRO - RAM 12GB E 512GB DE MEMÓRIA","isPartOf":{"@id":"http:\/\/lojasdbs.com.br\/#website"},"primaryImageOfPage":{"@id":"https:\/\/lojasdbs.com.br\/index.php\/product\/poco-x7-pro-ram-12gb-e-512gb-de-memoria\/#primaryimage"},"image":{"@id":"https:\/\/lojasdbs.com.br\/index.php\/product\/poco-x7-pro-ram-12gb-e-512gb-de-memoria\/#primaryimage"},"thumbnailUrl":"https:\/\/lojasdbs.com.br\/wp-content\/uploads\/2026\/07\/poco-x7-3-png.png","datePublished":"2026-07-17T03:12:33+00:00","dateModified":"2026-07-17T03:25:44+00:00","breadcrumb":{"@id":"https:\/\/lojasdbs.com.br\/index.php\/product\/poco-x7-pro-ram-12gb-e-512gb-de-memoria\/#breadcrumb"},"inLanguage":"pt-BR","potentialAction":[{"@type":"ReadAction","target":["https:\/\/lojasdbs.com.br\/index.php\/product\/poco-x7-pro-ram-12gb-e-512gb-de-memoria\/"]}]},{"@type":"ImageObject","inLanguage":"pt-BR","@id":"https:\/\/lojasdbs.com.br\/index.php\/product\/poco-x7-pro-ram-12gb-e-512gb-de-memoria\/#primaryimage","url":"https:\/\/lojasdbs.com.br\/wp-content\/uploads\/2026\/07\/poco-x7-3-png.png","contentUrl":"https:\/\/lojasdbs.com.br\/wp-content\/uploads\/2026\/07\/poco-x7-3-png.png","width":1000,"height":1000},{"@type":"BreadcrumbList","@id":"https:\/\/lojasdbs.com.br\/index.php\/product\/poco-x7-pro-ram-12gb-e-512gb-de-memoria\/#breadcrumb","itemListElement":[{"@type":"ListItem","position":1,"name":"Home","item":"http:\/\/lojasdbs.com.br\/"},{"@type":"ListItem","position":2,"name":"shop","item":"http:\/\/lojasdbs.com.br\/index.php\/shop\/"},{"@type":"ListItem","position":3,"name":"POCO X7 PRO &#8211; RAM 12GB E 512GB DE MEMÓRIA"}]},{"@type":"WebSite","@id":"http:\/\/lojasdbs.com.br\/#website","url":"http:\/\/lojasdbs.com.br\/","name":"","description":"","potentialAction":[{"@type":"SearchAction","target":{"@type":"EntryPoint","urlTemplate":"http:\/\/lojasdbs.com.br\/?s={search_term_string}"},"query-input":{"@type":"PropertyValueSpecification","valueRequired":true,"valueName":"search_term_string"}}],"inLanguage":"pt-BR"}]}</script>
<!-- / Yoast SEO plugin. -->

POCO X7 PRO - RAM 12GB E 512GB DE MEMÓRIA

Resistente a água e pó  Tela Amoled CrystalRes de 6,67 polegadas com resolução QHD  Conexão 5G  Entrada USB-C  Câmera traseira tripla: 50 megapixels  Câmera frontal: 20 megapixels  Processador MediaTek Dimensity 8400 Ultra 3,25GHz de 8 núcleos  GPU Mali-G720 MC7  Desbloqueio por digital e reconhecimento facial  NFC, bluetooth, wifi e GPS  Dual SIM  Android 15  Bateria de 6 Ah com carregamento rápido  Acelerômetro, sensor de proximidade, giroscópio e bússola
